+ 2095 = 0. What is the tens digit of r?
9
Let g(b) be the third derivative of 13*b**5/10 - 7*b**4/24 + b**3 - 184*b**2. What is the tens digit of g(-3)?
2
Let a(g) = 9*g**2 + 18*g - 35. Let w be a(4). Let t = w - -191. What is the hundreds digit of t?
3
Suppose -386*x + 385*x + 40710 = 0. What is the hundreds digit of x?
7
Let h be 1/(-5 + (-23155)/(-4630)). Let j = 1435 - h. What is the hundreds digit of j?
5
Suppose 61*r - 513518 = -146251 + 318739. What is the units digit of r?
6
Let d = 40304 + -28129. What is the ten thousands digit of d?
1
Let m(j) = j - 6. Let s be m(2). Let i be (3/6)/((-2)/s). What is the units digit of 777/(3/(-1))*(-2 + i)?
9
Let z = 39 - 37. Suppose -z*y = y + y. Suppose -5*h = 3*a - 337 - 50, y = -2*a + 3*h + 277. What is the units digit of a?
4
What is the thousands digit of 63*(-14)/42*-228*(-52)/(-56)?
4
Suppose 2*c + 4*l - 22 = 0, -2*c - 5*l = -24 - 1. Suppose -y + 1297 = -c*w + 106, -2*w + 5874 = 5*y. What is the hundreds digit of y?
1
Let y = 1615 - -95. Let r = -875 + y. What is the hundreds digit of r?
8
Let o = -249 - -251. Suppose 2*h - 5 = -1. Suppose -3*t + 345 = h*t - r, -o*t + 5*r = -161. What is the tens digit of t?
6
Let x = 287 + -5. Suppose -5*i - 4*d - 828 = 0, -4*i + 2*i - 338 = 5*d. Let j = x + i. What is the hundreds digit of j?
1
Suppose -1044*j + 23229 = -1041*j. What is the units digit of j?
3
Let v be (-1 + 0)/((-7)/(-49)). Let q(s) = 5*s**2 + 7*s + 6. Let c be q(v). Suppose -c = -2*z + 154. What is the tens digit of z?
7
Let c = 60 - 57. Suppose 3*u - 263 = q + 105, -c*u + 364 = -5*q. What is the units digit of u?
3
Suppose -24*h = -3*d - 23*h + 22725, -15163 = -2*d + 5*h. What is the units digit of d?
4
Suppose -57862 = -9*v - 4*v + 40808. What is the units digit of v?
0
Suppose -9*n + 24 = -21. Let s be (-2 - 8)*(-4)/n. Let f(z) = z**3 - 9*z**2 + 9*z. What is the units digit of f(s)?
8
Let f = -234 - -210. What is the units digit of (-61)/((-1)/2*f/(-84))?
7
Let w = 18828 - 13527. What is the units digit of w?
1
What is the tens digit of -45*37877/(-42)*12/21?
9
Let s = -22 - -28. Let t be 1/2 + 9/s. Suppose -68 = -t*j + 64. What is the units digit of j?
6
Let d = 7901 - -5146. What is the ten thousands digit of d?
1
Suppose 2*k = 0, 6*r = 9*r - 2*k. Suppose 9*d - 5085 = -r*d. What is the tens digit of d?
6
Let c(a) = 875*a + 8. Let o = -277 + 278. What is the hundreds digit of c(o)?
8
Suppose 4*p = -3*y + 24, -y - 2*p - 8 = -6*p. Suppose y*b - 236 = 3*u, 2*u + 118 = 2*b - u. What is the tens digit of b?
5
Let g be 10/((-630)/(-45563)) - (-2)/(-9). Let w = g + -655. What is the tens digit of w?
6
Let d = -320 + 17339. What is the thousands digit of d?
7
Let k(i) = 105*i**2 + 27*i - 528. What is the tens digit of k(17)?
7
What is the ten thousands digit of -6 + (27102/2)/(25 + -24)?
1
Suppose 2*f - 5 = -2*l + 1, 3*l - 11 = -2*f. Let c = f + 2. Suppose y + y - 128 = c. What is the units digit of y?
4
Let r(x) = -18*x**2 - 34*x - 5. Let m be r(-8). Let y = m - -1978. What is the thousands digit of y?
1
Suppose 1160*f - 1142*f - 268056 = 0. What is the hundreds digit of f?
8
Let y be 249/2 + -3 + (-2)/(-4). Suppose -d - y = -5*f, 2*f - 3*d - 35 = 2*d. Suppose 0 = 3*s - 41 - f. What is the tens digit of s?
2
Suppose -338*j - 1949528 = -9622466. What is the units digit of j?
1
Let o = 6158 - -31915. What is the ten thousands digit of o?
3
Suppose -5*r - 10*q = -14*q - 14, -5*q = 5. Suppose 3*f - n + 2*n - 124 = 0, -r*f + n = -81. What is the units digit of f?
1
Suppose 5*f = 4*z + 146, 0 = 4*f - 2*z - 3*z - 115. Suppose x - 24 = k, 3*x - f = -3*k - 126. Let r = k + 78. What is the tens digit of r?
5
Let f = 137 + -124. Suppose -2*o + f = -3*g, 2*o + 5 = -g - 2. What is the units digit of 73 + (o - -2)/(-1)?
2
Let w = -16 + 14. Let g be (1 - (w + 4)) + -118. Let z = -59 - g. What is the tens digit of z?
6
Let w = -9438 + 11499. What is the units digit of w?
1
Suppose -3636 = 46*h - 17570 - 349604. What is the units digit of h?
3
Let l(m) = m**2 + 205*m + 23668. What is the ten thousands digit of l(0)?
2
What is the units digit of ((-2)/(-9) - 462/378)*(-43798)/2?
9
Suppose -5*f = 2*m - 8, 2*f + 2*f = -m + 4. Suppose 2*k = m*o + 144, -k + 5 = 5*o - 46. What is the units digit of k?
6
Let m(i) = -i - 2. Let r be m(0). Let d(k) = -229*k - 30. What is the units digit of d(r)?
8
Suppose 7*j + 106768 = 23*j. What is the tens digit of j?
7
Suppose -461*i + 513*i = 943436. What is the units digit of i?
3
Let u(y) = -424*y + 420. What is the units digit of u(-13)?
2
Let v be 714/(-85) - (26/10 - 2). What is the hundreds digit of (948 + 54/v)/((-3)/(-2))?
6
Let d(h) = h**3 + 4*h**2 + h + 4. Let p be d(-4). Let v(u) be the second derivative of u**3/3 + 93*u**2/2 - 7*u - 17. What is the tens digit of v(p)?
9
What is the thousands digit of (1140/14)/((-48)/(-3192))?
5
What is the thousands digit of 2*27/36*35974?
3
Suppose 0 = -8*j - 13*j + 14784. Suppose j = 6*x - 4*x. What is the tens digit of x?
5
Let j(f) = -18*f**3 + f**2 - 10*f - 16. Let u = 125 - 128. What is the tens digit of j(u)?
0
Let y = -915 + 2925. Let a = -795 + y. What is the hundreds digit of a?
2
What is the hundreds digit of -4 + (9567*1 - (22 - 22))?
5
Let u = 121 + -116. Suppose -212 = -u*f + 178. What is the units digit of f?
8
Let f(i) = i**2 + 12*i + 13. Let v be f(-11). Let z = 4 + v. What is the hundreds digit of ((-2)/z)/((-8)/2472)?
1
Let c(u) = 2*u**2 + 16*u + 5. Let j be c(7). Let r = -37 + j. What is the units digit of r?
8
Suppose -1919*p + 1699*p + 2042920 = 0. What is the thousands digit of p?
9
Let o(m) = 119*m**2 + 256*m + 66. What is the tens digit of o(-16)?
3
Let s = 107 + 228. Suppose 36*a - 144 = -0*a. Suppose a*b - 259 = -j, -s = -5*b - 0*j - 5*j. What is the units digit of b?
4
Let z(m) = 7316*m**2 + m - 3. What is the tens digit of z(1)?
1
Let c(k) = k**2 - 12*k + 35. Let w be c(8). Suppose i = t - 817, 2*t + w*i - 1620 = -2*i. What is the units digit of t?
5
Suppose 3*t - 350 = -2*a, -t - 3*a + 105 = -0*a. Suppose -3*d = 2*h - 0*h - t, d - 41 = -h. What is the units digit of d?
8
Suppose -7*s + 11 = -10. Suppose -7*v + s*v + 1668 = 0. Suppose v + 31 = 4*p + 4*w, 0 = -3*p + 4*w + 322. What is the tens digit of p?
1
Let q = 40 + -3. Suppose -4*c + 5*u + q = 0, -3*c + 2*c - 4*u = 17. Suppose -l - c*w = 4*l - 391, 0 = 5*l - w - 403. What is the units digit of l?
0
Let h = -231 - -231. Suppose 12*y + 10 - 6058 = h. What is the hundreds digit of y?
5
Let g(l) = 50*l + 802. Let v be g(-16). Let a be 1 + 0/2 + 1. Suppose 0 = 5*w + v*s - 1082, s = a*w - 189 - 251. What is the units digit of w?
8
Let f(t) = t**3 + 67*t**2 + 102*t + 530. What is the tens digit of f(-65)?
5
Let q(r) = -r**2 + 2*r - 23. Let a be q(8). Let l = -329 + 79. Let x = a - l. What is the units digit of x?
9
Suppose -18*i - 116508 = -37*i. Suppose -111*c + 104*c + i = 0. What is the units digit of c?
6
Suppose 0*i - 5 = w - 2*i, 30 = 5*w + i. Suppose -4*o + 3*y = 6*y - 1132, 0 = w*o - 4*y - 1384. What is the tens digit of o?
8
Suppose -3*d - 5 = -4*x + 6, -21 = -2*d - 3*x. Suppose 856 - 166 = d*p. What is the tens digit of p?
3
Suppose -3*s = 4*x - 40804, -2*s - 5*x + 21466 = -5732. What is the units digit of s?
4
What is the tens digit of 3/(-30) + 13705*41/50?
3
Let a(k) = -46*k**3 + 22*k**2 - 5*k - 31. What is the thousands digit of a(-5)?
6
Let j(n) = -13*n + 14. Let y be j(0). What is the tens digit of ((-8)/56*36)/((-4)/y)?
1
Let t(q) = -12*q**2 + 20*q - 12. Let p be t(-7). Let g = -61 - p. What is the tens digit of g?
7
What is the tens digit of 2173 + (191 + -11)/(-15)?
6
Let y(u) = 5*u**3 - 4*u**2 - 4*u - 1. Let m(t) = -8*t - 50. Let f be m(-6). Let d be y(f). Let i = d - -101. What is the tens digit of i?
5
Let x = 10 - 8. Let j(u) = 2*u**3 - u**2 + 5*u - 1. Let i be j(x). Suppose 2*q = -4*c + 178, 0 = 3*q + 4*c - 246 - i. What is the tens digit of q?
8
Suppose -8*b = -11 + 11. Suppose 10 = -b*o + 2*o, -4*w - 8 = -4*o. Suppose 4 = -2*t, w*i + 2*i = -4*t + 117. What is the tens digit of i?
2
Let a be (-12934)/(-8) - (4 - (-170)/(-40)). Suppose 0 = -3*s + 2*m + a, 2*s + 263 - 1341 = 2*m. What is the tens digit of s?
3
Suppose 0 = 4*o, 2*r + 0*o = 3*o - 130. Let d = 652 + r. What is the tens digit of d?
8
Let n(q) = 86*q + 82. Let k be 